[INFO] cloning repository https://github.com/maroider/tilt_thing
[INFO] running `Command { std: "git" "-c" "credential.helper=" "-c" "credential.helper=/workspace/cargo-home/bin/git-credential-null" "clone" "--bare" "https://github.com/maroider/tilt_thing" "/workspace/cache/git-repos/https%3A%2F%2Fgithub.com%2Fmaroider%2Ftilt_thing", kill_on_drop: false }`
[INFO] [stderr] Cloning into bare repository '/workspace/cache/git-repos/https%3A%2F%2Fgithub.com%2Fmaroider%2Ftilt_thing'...
[INFO] running `Command { std: "git" "rev-parse" "HEAD", kill_on_drop: false }`
[INFO] [stdout] d69ac5698cbaf785e4b91f99bc7974c2ad387597
[INFO] building maroider/tilt_thing against master#881c1ac408d93bb7adaa3a51dabab9266e82eee8 for issue-85264
[INFO] running `Command { std: "git" "clone" "/workspace/cache/git-repos/https%3A%2F%2Fgithub.com%2Fmaroider%2Ftilt_thing" "/workspace/builds/worker-6/source", kill_on_drop: false }`
[INFO] [stderr] Cloning into '/workspace/builds/worker-6/source'...
[INFO] [stderr] done.
[INFO] validating manifest of git repo https://github.com/maroider/tilt_thing on toolchain 881c1ac408d93bb7adaa3a51dabab9266e82eee8
[INFO] running `Command { std: "/workspace/cargo-home/bin/cargo" "+881c1ac408d93bb7adaa3a51dabab9266e82eee8" "metadata" "--manifest-path" "Cargo.toml" "--no-deps", kill_on_drop: false }`
[INFO] started tweaking git repo https://github.com/maroider/tilt_thing
[INFO] finished tweaking git repo https://github.com/maroider/tilt_thing
[INFO] tweaked toml for git repo https://github.com/maroider/tilt_thing written to /workspace/builds/worker-6/source/Cargo.toml
[INFO] crate git repo https://github.com/maroider/tilt_thing already has a lockfile, it will not be regenerated
[INFO] running `Command { std: "/workspace/cargo-home/bin/cargo" "+881c1ac408d93bb7adaa3a51dabab9266e82eee8" "fetch" "--manifest-path" "Cargo.toml", kill_on_drop: false }`
[INFO] [stderr]     Blocking waiting for file lock on package cache
[INFO] [stderr]     Updating git repository `https://github.com/maroider/monman`
[INFO] [stderr]  Downloading crates ...
[INFO] [stderr]   Downloaded libudev-sys v0.1.4
[INFO] [stderr]   Downloaded mach v0.2.3
[INFO] [stderr]   Downloaded mach v0.1.2
[INFO] [stderr]   Downloaded CoreFoundation-sys v0.1.4
[INFO] [stderr]   Downloaded cc v1.0.46
[INFO] [stderr]   Downloaded libudev v0.2.0
[INFO] [stderr]   Downloaded IOKit-sys v0.1.5
[INFO] [stderr]   Downloaded serialport v3.3.0
[INFO] running `Command { std: "docker" "create" "-v" "/var/lib/crater-agent-workspace/builds/worker-6/target:/opt/rustwide/target:rw,Z" "-v" "/var/lib/crater-agent-workspace/builds/worker-6/source:/opt/rustwide/workdir:ro,Z" "-v" "/var/lib/crater-agent-workspace/cargo-home:/opt/rustwide/cargo-home:ro,Z" "-v" "/var/lib/crater-agent-workspace/rustup-home:/opt/rustwide/rustup-home:ro,Z" "-e" "SOURCE_DIR=/opt/rustwide/workdir" "-e" "CARGO_TARGET_DIR=/opt/rustwide/target" "-e" "CARGO_HOME=/opt/rustwide/cargo-home" "-e" "RUSTUP_HOME=/opt/rustwide/rustup-home" "-w" "/opt/rustwide/workdir" "-m" "1610612736" "--user" "0:0" "--network" "none" "ghcr.io/rust-lang/crates-build-env/linux@sha256:20528e8c29e4536546f0102ce88568b16ea7538393a33fcca951030f7af10457" "/opt/rustwide/cargo-home/bin/cargo" "+881c1ac408d93bb7adaa3a51dabab9266e82eee8" "metadata" "--no-deps" "--format-version=1", kill_on_drop: false }`
[INFO] [stdout] 365efe8455037bcc2afdc358ede0d6a38e96c7bdb3d4aa05c1110df1aa2b9a94
[INFO] [stderr] WARNING: Your kernel does not support swap limit capabilities or the cgroup is not mounted. Memory limited without swap.
[INFO] running `Command { std: "docker" "start" "-a" "365efe8455037bcc2afdc358ede0d6a38e96c7bdb3d4aa05c1110df1aa2b9a94", kill_on_drop: false }`
[INFO] running `Command { std: "docker" "inspect" "365efe8455037bcc2afdc358ede0d6a38e96c7bdb3d4aa05c1110df1aa2b9a94", kill_on_drop: false }`
[INFO] running `Command { std: "docker" "rm" "-f" "365efe8455037bcc2afdc358ede0d6a38e96c7bdb3d4aa05c1110df1aa2b9a94", kill_on_drop: false }`
[INFO] [stdout] 365efe8455037bcc2afdc358ede0d6a38e96c7bdb3d4aa05c1110df1aa2b9a94
[INFO] running `Command { std: "docker" "create" "-v" "/var/lib/crater-agent-workspace/builds/worker-6/target:/opt/rustwide/target:rw,Z" "-v" "/var/lib/crater-agent-workspace/builds/worker-6/source:/opt/rustwide/workdir:ro,Z" "-v" "/var/lib/crater-agent-workspace/cargo-home:/opt/rustwide/cargo-home:ro,Z" "-v" "/var/lib/crater-agent-workspace/rustup-home:/opt/rustwide/rustup-home:ro,Z" "-e" "SOURCE_DIR=/opt/rustwide/workdir" "-e" "CARGO_TARGET_DIR=/opt/rustwide/target" "-e" "CARGO_INCREMENTAL=0" "-e" "RUST_BACKTRACE=full" "-e" "RUSTFLAGS=--cap-lints=forbid" "-e" "CARGO_HOME=/opt/rustwide/cargo-home" "-e" "RUSTUP_HOME=/opt/rustwide/rustup-home" "-w" "/opt/rustwide/workdir" "-m" "1610612736" "--user" "0:0" "--network" "none" "ghcr.io/rust-lang/crates-build-env/linux@sha256:20528e8c29e4536546f0102ce88568b16ea7538393a33fcca951030f7af10457" "/opt/rustwide/cargo-home/bin/cargo" "+881c1ac408d93bb7adaa3a51dabab9266e82eee8" "build" "--frozen" "--message-format=json", kill_on_drop: false }`
[INFO] [stdout] 1a91d0356616487731156e9a5782e3537aa152c9b0980eca2b5eeefa98942b9a
[INFO] [stderr] WARNING: Your kernel does not support swap limit capabilities or the cgroup is not mounted. Memory limited without swap.
[INFO] running `Command { std: "docker" "start" "-a" "1a91d0356616487731156e9a5782e3537aa152c9b0980eca2b5eeefa98942b9a", kill_on_drop: false }`
[INFO] [stderr]    Compiling libc v0.2.65
[INFO] [stderr]    Compiling winapi v0.3.8
[INFO] [stderr]    Compiling nix v0.14.1
[INFO] [stderr]    Compiling void v1.0.2
[INFO] [stderr]    Compiling libudev-sys v0.1.4
[INFO] [stderr]    Compiling monman v0.1.0 (https://github.com/maroider/monman#6774749b)
[INFO] [stdout] error[E0433]: failed to resolve: could not find `shared` in `winapi`
[INFO] [stdout]  --> /opt/rustwide/cargo-home/git/checkouts/monman-09802f73b8adc705/6774749/src/lib.rs:4:5
[INFO] [stdout]   |
[INFO] [stdout] 4 |     shared::windef::POINTL,
[INFO] [stdout]   |     ^^^^^^ could not find `shared` in `winapi`
[INFO] [stdout] 
[INFO] [stdout] 
[INFO] [stdout] error[E0433]: failed to resolve: could not find `um` in `winapi`
[INFO] [stdout]  --> /opt/rustwide/cargo-home/git/checkouts/monman-09802f73b8adc705/6774749/src/lib.rs:5:5
[INFO] [stdout]   |
[INFO] [stdout] 5 |     um::{
[INFO] [stdout]   |     ^^ could not find `um` in `winapi`
[INFO] [stdout] 
[INFO] [stdout] 
[INFO] [stdout] error[E0412]: cannot find type `DISPLAY_DEVICEW` in this scope
[INFO] [stdout]   --> /opt/rustwide/cargo-home/git/checkouts/monman-09802f73b8adc705/6774749/src/lib.rs:70:10
[INFO] [stdout]    |
[INFO] [stdout] 70 |     raw: DISPLAY_DEVICEW,
[INFO] [stdout]    |          ^^^^^^^^^^^^^^^ not found in this scope
[INFO] [stdout] 
[INFO] [stdout] 
[INFO] [stdout] error[E0412]: cannot find type `DISPLAY_DEVICEW` in this scope
[INFO] [stdout]   --> /opt/rustwide/cargo-home/git/checkouts/monman-09802f73b8adc705/6774749/src/lib.rs:75:34
[INFO] [stdout]    |
[INFO] [stdout] 75 |         let mut display_adapter: DISPLAY_DEVICEW = unsafe { mem::zeroed() };
[INFO] [stdout]    |                                  ^^^^^^^^^^^^^^^ not found in this scope
[INFO] [stdout] 
[INFO] [stdout] 
[INFO] [stdout] error[E0412]: cannot find type `DISPLAY_DEVICEW` in this scope
[INFO] [stdout]   --> /opt/rustwide/cargo-home/git/checkouts/monman-09802f73b8adc705/6774749/src/lib.rs:76:45
[INFO] [stdout]    |
[INFO] [stdout] 73 | impl DisplayAdapter {
[INFO] [stdout]    |     - help: you might be missing a type parameter: `<DISPLAY_DEVICEW>`
[INFO] [stdout] ...
[INFO] [stdout] 76 |         display_adapter.cb = mem::size_of::<DISPLAY_DEVICEW>() as u32;
[INFO] [stdout]    |                                             ^^^^^^^^^^^^^^^ not found in this scope
[INFO] [stdout] 
[INFO] [stdout] 
[INFO] [stdout] error[E0425]: cannot find function, tuple struct or tuple variant `EnumDisplayDevicesW` in this scope
[INFO] [stdout]   --> /opt/rustwide/cargo-home/git/checkouts/monman-09802f73b8adc705/6774749/src/lib.rs:79:13
[INFO] [stdout]    |
[INFO] [stdout] 79 |             EnumDisplayDevicesW(std::ptr::null(), n, &mut display_adapter, CDS_FULLSCREEN)
[INFO] [stdout]    |             ^^^^^^^^^^^^^^^^^^^ not found in this scope
[INFO] [stdout] 
[INFO] [stdout] 
[INFO] [stdout] error[E0425]: cannot find value `CDS_FULLSCREEN` in this scope
[INFO] [stdout]   --> /opt/rustwide/cargo-home/git/checkouts/monman-09802f73b8adc705/6774749/src/lib.rs:79:76
[INFO] [stdout]    |
[INFO] [stdout] 79 |             EnumDisplayDevicesW(std::ptr::null(), n, &mut display_adapter, CDS_FULLSCREEN)
[INFO] [stdout]    |                                                                            ^^^^^^^^^^^^^^ not found in this scope
[INFO] [stdout] 
[INFO] [stdout] 
[INFO] [stdout] error[E0425]: cannot find function, tuple struct or tuple variant `ChangeDisplaySettingsW` in this scope
[INFO] [stdout]    --> /opt/rustwide/cargo-home/git/checkouts/monman-09802f73b8adc705/6774749/src/lib.rs:136:28
[INFO] [stdout]     |
[INFO] [stdout] 136 |         let ret = unsafe { ChangeDisplaySettingsW(&mut devmode, 0) };
[INFO] [stdout]     |                            ^^^^^^^^^^^^^^^^^^^^^^ not found in this scope
[INFO] [stdout] 
[INFO] [stdout] 
[INFO] [stdout] error[E0412]: cannot find type `DISPLAY_DEVICEW` in this scope
[INFO] [stdout]    --> /opt/rustwide/cargo-home/git/checkouts/monman-09802f73b8adc705/6774749/src/lib.rs:177:33
[INFO] [stdout]     |
[INFO] [stdout] 177 |         let mut display_device: DISPLAY_DEVICEW = unsafe { mem::zeroed() };
[INFO] [stdout]     |                                 ^^^^^^^^^^^^^^^ not found in this scope
[INFO] [stdout] 
[INFO] [stdout] 
[INFO] [stdout] error[E0412]: cannot find type `DISPLAY_DEVICEW` in this scope
[INFO] [stdout]    --> /opt/rustwide/cargo-home/git/checkouts/monman-09802f73b8adc705/6774749/src/lib.rs:178:44
[INFO] [stdout]     |
[INFO] [stdout] 173 | impl Monitors {
[INFO] [stdout]     |     - help: you might be missing a type parameter: `<DISPLAY_DEVICEW>`
[INFO] [stdout] ...
[INFO] [stdout] 178 |         display_device.cb = mem::size_of::<DISPLAY_DEVICEW>() as u32;
[INFO] [stdout]     |                                            ^^^^^^^^^^^^^^^ not found in this scope
[INFO] [stdout] 
[INFO] [stdout] 
[INFO] [stdout] error[E0425]: cannot find function, tuple struct or tuple variant `EnumDisplayDevicesW` in this scope
[INFO] [stdout]    --> /opt/rustwide/cargo-home/git/checkouts/monman-09802f73b8adc705/6774749/src/lib.rs:182:13
[INFO] [stdout]     |
[INFO] [stdout] 182 |             EnumDisplayDevicesW(&adapter.raw.DeviceName[0], i, &mut display_device, 0)
[INFO] [stdout]     |             ^^^^^^^^^^^^^^^^^^^ not found in this scope
[INFO] [stdout] 
[INFO] [stdout] 
[INFO] [stdout] error[E0412]: cannot find type `DISPLAY_DEVICEW` in this scope
[INFO] [stdout]    --> /opt/rustwide/cargo-home/git/checkouts/monman-09802f73b8adc705/6774749/src/lib.rs:226:10
[INFO] [stdout]     |
[INFO] [stdout] 226 |     raw: DISPLAY_DEVICEW,
[INFO] [stdout]     |          ^^^^^^^^^^^^^^^ not found in this scope
[INFO] [stdout] 
[INFO] [stdout] 
[INFO] [stdout] error[E0425]: cannot find value `DISPLAY_DEVICE_ACTIVE` in this scope
[INFO] [stdout]    --> /opt/rustwide/cargo-home/git/checkouts/monman-09802f73b8adc705/6774749/src/lib.rs:255:24
[INFO] [stdout]     |
[INFO] [stdout] 255 |         const ACTIVE = DISPLAY_DEVICE_ACTIVE;
[INFO] [stdout]     |                        ^^^^^^^^^^^^^^^^^^^^^ not found in this scope
[INFO] [stdout] 
[INFO] [stdout] 
[INFO] [stdout] error[E0425]: cannot find value `DISPLAY_DEVICE_MIRRORING_DRIVER` in this scope
[INFO] [stdout]    --> /opt/rustwide/cargo-home/git/checkouts/monman-09802f73b8adc705/6774749/src/lib.rs:256:33
[INFO] [stdout]     |
[INFO] [stdout] 256 |         const MIRRORING_DRIVE = DISPLAY_DEVICE_MIRRORING_DRIVER;
[INFO] [stdout]     |                                 ^^^^^^^^^^^^^^^^^^^^^^^^^^^^^^^ not found in this scope
[INFO] [stdout] 
[INFO] [stdout] 
[INFO] [stdout] error[E0425]: cannot find value `DISPLAY_DEVICE_MODESPRUNED` in this scope
[INFO] [stdout]    --> /opt/rustwide/cargo-home/git/checkouts/monman-09802f73b8adc705/6774749/src/lib.rs:257:29
[INFO] [stdout]     |
[INFO] [stdout] 257 |         const MODESPRUNED = DISPLAY_DEVICE_MODESPRUNED;
[INFO] [stdout]     |                             ^^^^^^^^^^^^^^^^^^^^^^^^^^ not found in this scope
[INFO] [stdout] 
[INFO] [stdout] 
[INFO] [stdout] error[E0425]: cannot find value `DISPLAY_DEVICE_PRIMARY_DEVICE` in this scope
[INFO] [stdout]    --> /opt/rustwide/cargo-home/git/checkouts/monman-09802f73b8adc705/6774749/src/lib.rs:258:32
[INFO] [stdout]     |
[INFO] [stdout] 258 |         const PRIMARY_DEVICE = DISPLAY_DEVICE_PRIMARY_DEVICE;
[INFO] [stdout]     |                                ^^^^^^^^^^^^^^^^^^^^^^^^^^^^^ not found in this scope
[INFO] [stdout] 
[INFO] [stdout] 
[INFO] [stdout] error[E0425]: cannot find value `DISPLAY_DEVICE_REMOVABLE` in this scope
[INFO] [stdout]    --> /opt/rustwide/cargo-home/git/checkouts/monman-09802f73b8adc705/6774749/src/lib.rs:259:27
[INFO] [stdout]     |
[INFO] [stdout] 259 |         const REMOVABLE = DISPLAY_DEVICE_REMOVABLE;
[INFO] [stdout]     |                           ^^^^^^^^^^^^^^^^^^^^^^^^ not found in this scope
[INFO] [stdout] 
[INFO] [stdout] 
[INFO] [stdout] error[E0425]: cannot find value `DISPLAY_DEVICE_VGA_COMPATIBLE` in this scope
[INFO] [stdout]    --> /opt/rustwide/cargo-home/git/checkouts/monman-09802f73b8adc705/6774749/src/lib.rs:260:32
[INFO] [stdout]     |
[INFO] [stdout] 260 |         const VGA_COMPATIBLE = DISPLAY_DEVICE_VGA_COMPATIBLE;
[INFO] [stdout]     |                                ^^^^^^^^^^^^^^^^^^^^^^^^^^^^^ not found in this scope
[INFO] [stdout] 
[INFO] [stdout] 
[INFO] [stdout] error[E0412]: cannot find type `DEVMODEW` in this scope
[INFO] [stdout]    --> /opt/rustwide/cargo-home/git/checkouts/monman-09802f73b8adc705/6774749/src/lib.rs:355:45
[INFO] [stdout]     |
[INFO] [stdout] 355 |     fn get_raw(adapter: &DisplayAdapter) -> DEVMODEW {
[INFO] [stdout]     |                                             ^^^^^^^^ not found in this scope
[INFO] [stdout] 
[INFO] [stdout] 
[INFO] [stdout] error[E0412]: cannot find type `DEVMODEW` in this scope
[INFO] [stdout]    --> /opt/rustwide/cargo-home/git/checkouts/monman-09802f73b8adc705/6774749/src/lib.rs:356:26
[INFO] [stdout]     |
[INFO] [stdout] 356 |         let mut devmode: DEVMODEW = unsafe { std::mem::zeroed() };
[INFO] [stdout]     |                          ^^^^^^^^ not found in this scope
[INFO] [stdout] 
[INFO] [stdout] 
[INFO] [stdout] error[E0412]: cannot find type `DEVMODEW` in this scope
[INFO] [stdout]    --> /opt/rustwide/cargo-home/git/checkouts/monman-09802f73b8adc705/6774749/src/lib.rs:357:41
[INFO] [stdout]     |
[INFO] [stdout] 288 | impl DisplayDeviceInfo {
[INFO] [stdout]     |     - help: you might be missing a type parameter: `<DEVMODEW>`
[INFO] [stdout] ...
[INFO] [stdout] 357 |         devmode.dmSize = mem::size_of::<DEVMODEW>() as u16;
[INFO] [stdout]     |                                         ^^^^^^^^ not found in this scope
[INFO] [stdout] 
[INFO] [stdout] 
[INFO] [stdout] error[E0425]: cannot find function, tuple struct or tuple variant `EnumDisplaySettingsW` in this scope
[INFO] [stdout]    --> /opt/rustwide/cargo-home/git/checkouts/monman-09802f73b8adc705/6774749/src/lib.rs:360:13
[INFO] [stdout]     |
[INFO] [stdout] 360 |             EnumDisplaySettingsW(
[INFO] [stdout]     |             ^^^^^^^^^^^^^^^^^^^^ not found in this scope
[INFO] [stdout] 
[INFO] [stdout] 
[INFO] [stdout] error[E0425]: cannot find value `ENUM_CURRENT_SETTINGS` in this scope
[INFO] [stdout]    --> /opt/rustwide/cargo-home/git/checkouts/monman-09802f73b8adc705/6774749/src/lib.rs:362:17
[INFO] [stdout]     |
[INFO] [stdout] 362 |                 ENUM_CURRENT_SETTINGS,
[INFO] [stdout]     |                 ^^^^^^^^^^^^^^^^^^^^^ not found in this scope
[INFO] [stdout] 
[INFO] [stdout] 
[INFO] [stdout] error[E0425]: cannot find value `DM_ORIENTATION` in this scope
[INFO] [stdout]    --> /opt/rustwide/cargo-home/git/checkouts/monman-09802f73b8adc705/6774749/src/lib.rs:373:29
[INFO] [stdout]     |
[INFO] [stdout] 373 |         const ORIENTATION = DM_ORIENTATION;
[INFO] [stdout]     |                             ^^^^^^^^^^^^^^ not found in this scope
[INFO] [stdout] 
[INFO] [stdout] 
[INFO] [stdout] error[E0425]: cannot find value `DM_PAPERSIZE` in this scope
[INFO] [stdout]    --> /opt/rustwide/cargo-home/git/checkouts/monman-09802f73b8adc705/6774749/src/lib.rs:374:27
[INFO] [stdout]     |
[INFO] [stdout] 374 |         const PAPERSIZE = DM_PAPERSIZE;
[INFO] [stdout]     |                           ^^^^^^^^^^^^ not found in this scope
[INFO] [stdout] 
[INFO] [stdout] 
[INFO] [stdout] error[E0425]: cannot find value `DM_PAPERLENGTH` in this scope
[INFO] [stdout]    --> /opt/rustwide/cargo-home/git/checkouts/monman-09802f73b8adc705/6774749/src/lib.rs:375:29
[INFO] [stdout]     |
[INFO] [stdout] 375 |         const PAPERLENGTH = DM_PAPERLENGTH;
[INFO] [stdout]     |                             ^^^^^^^^^^^^^^ not found in this scope
[INFO] [stdout] 
[INFO] [stdout] 
[INFO] [stdout] error[E0425]: cannot find value `DM_PAPERWIDTH` in this scope
[INFO] [stdout]    --> /opt/rustwide/cargo-home/git/checkouts/monman-09802f73b8adc705/6774749/src/lib.rs:376:28
[INFO] [stdout]     |
[INFO] [stdout] 376 |         const PAPERWIDTH = DM_PAPERWIDTH;
[INFO] [stdout]     |                            ^^^^^^^^^^^^^ not found in this scope
[INFO] [stdout] 
[INFO] [stdout] 
[INFO] [stdout] error[E0425]: cannot find value `DM_SCALE` in this scope
[INFO] [stdout]    --> /opt/rustwide/cargo-home/git/checkouts/monman-09802f73b8adc705/6774749/src/lib.rs:377:23
[INFO] [stdout]     |
[INFO] [stdout] 377 |         const SCALE = DM_SCALE;
[INFO] [stdout]     |                       ^^^^^^^^ not found in this scope
[INFO] [stdout] 
[INFO] [stdout] 
[INFO] [stdout] error[E0425]: cannot find value `DM_COPIES` in this scope
[INFO] [stdout]    --> /opt/rustwide/cargo-home/git/checkouts/monman-09802f73b8adc705/6774749/src/lib.rs:378:24
[INFO] [stdout]     |
[INFO] [stdout] 378 |         const COPIES = DM_COPIES;
[INFO] [stdout]     |                        ^^^^^^^^^ not found in this scope
[INFO] [stdout] 
[INFO] [stdout] 
[INFO] [stdout] error[E0425]: cannot find value `DM_DEFAULTSOURCE` in this scope
[INFO] [stdout]    --> /opt/rustwide/cargo-home/git/checkouts/monman-09802f73b8adc705/6774749/src/lib.rs:379:31
[INFO] [stdout]     |
[INFO] [stdout] 379 |         const DEFAULTSOURCE = DM_DEFAULTSOURCE;
[INFO] [stdout]     |                               ^^^^^^^^^^^^^^^^ not found in this scope
[INFO] [stdout] 
[INFO] [stdout] 
[INFO] [stdout] error[E0425]: cannot find value `DM_PRINTQUALITY` in this scope
[INFO] [stdout]    --> /opt/rustwide/cargo-home/git/checkouts/monman-09802f73b8adc705/6774749/src/lib.rs:380:30
[INFO] [stdout]     |
[INFO] [stdout] 380 |         const PRINTQUALITY = DM_PRINTQUALITY;
[INFO] [stdout]     |                              ^^^^^^^^^^^^^^^ not found in this scope
[INFO] [stdout] 
[INFO] [stdout] 
[INFO] [stdout] error[E0425]: cannot find value `DM_POSITION` in this scope
[INFO] [stdout]    --> /opt/rustwide/cargo-home/git/checkouts/monman-09802f73b8adc705/6774749/src/lib.rs:381:26
[INFO] [stdout]     |
[INFO] [stdout] 381 |         const POSITION = DM_POSITION;
[INFO] [stdout]     |                          ^^^^^^^^^^^ not found in this scope
[INFO] [stdout] 
[INFO] [stdout] 
[INFO] [stdout] error[E0425]: cannot find value `DM_DISPLAYORIENTATION` in this scope
[INFO] [stdout]    --> /opt/rustwide/cargo-home/git/checkouts/monman-09802f73b8adc705/6774749/src/lib.rs:382:36
[INFO] [stdout]     |
[INFO] [stdout] 382 |         const DISPLAYORIENTATION = DM_DISPLAYORIENTATION;
[INFO] [stdout]     |                                    ^^^^^^^^^^^^^^^^^^^^^ not found in this scope
[INFO] [stdout] 
[INFO] [stdout] 
[INFO] [stdout] error[E0425]: cannot find value `DM_DISPLAYFIXEDOUTPUT` in this scope
[INFO] [stdout]    --> /opt/rustwide/cargo-home/git/checkouts/monman-09802f73b8adc705/6774749/src/lib.rs:383:36
[INFO] [stdout]     |
[INFO] [stdout] 383 |         const DISPLAYFIXEDOUTPUT = DM_DISPLAYFIXEDOUTPUT;
[INFO] [stdout]     |                                    ^^^^^^^^^^^^^^^^^^^^^ not found in this scope
[INFO] [stdout] 
[INFO] [stdout] 
[INFO] [stdout] error[E0425]: cannot find value `DM_COLOR` in this scope
[INFO] [stdout]    --> /opt/rustwide/cargo-home/git/checkouts/monman-09802f73b8adc705/6774749/src/lib.rs:384:23
[INFO] [stdout]     |
[INFO] [stdout] 384 |         const COLOR = DM_COLOR;
[INFO] [stdout]     |                       ^^^^^^^^ not found in this scope
[INFO] [stdout] 
[INFO] [stdout] 
[INFO] [stdout] error[E0425]: cannot find value `DM_DUPLEX` in this scope
[INFO] [stdout]    --> /opt/rustwide/cargo-home/git/checkouts/monman-09802f73b8adc705/6774749/src/lib.rs:385:24
[INFO] [stdout]     |
[INFO] [stdout] 385 |         const DUPLEX = DM_DUPLEX;
[INFO] [stdout]     |                        ^^^^^^^^^ not found in this scope
[INFO] [stdout] 
[INFO] [stdout] 
[INFO] [stdout] error[E0425]: cannot find value `DM_YRESOLUTION` in this scope
[INFO] [stdout]    --> /opt/rustwide/cargo-home/git/checkouts/monman-09802f73b8adc705/6774749/src/lib.rs:386:29
[INFO] [stdout]     |
[INFO] [stdout] 386 |         const YRESOLUTION = DM_YRESOLUTION;
[INFO] [stdout]     |                             ^^^^^^^^^^^^^^ not found in this scope
[INFO] [stdout] 
[INFO] [stdout] 
[INFO] [stdout] error[E0425]: cannot find value `DM_TTOPTION` in this scope
[INFO] [stdout]    --> /opt/rustwide/cargo-home/git/checkouts/monman-09802f73b8adc705/6774749/src/lib.rs:387:26
[INFO] [stdout]     |
[INFO] [stdout] 387 |         const TTOPTION = DM_TTOPTION;
[INFO] [stdout]     |                          ^^^^^^^^^^^ not found in this scope
[INFO] [stdout] 
[INFO] [stdout] 
[INFO] [stdout] error[E0425]: cannot find value `DM_COLLATE` in this scope
[INFO] [stdout]    --> /opt/rustwide/cargo-home/git/checkouts/monman-09802f73b8adc705/6774749/src/lib.rs:388:25
[INFO] [stdout]     |
[INFO] [stdout] 388 |         const COLLATE = DM_COLLATE;
[INFO] [stdout]     |                         ^^^^^^^^^^ not found in this scope
[INFO] [stdout] 
[INFO] [stdout] 
[INFO] [stdout] error[E0425]: cannot find value `DM_FORMNAME` in this scope
[INFO] [stdout]    --> /opt/rustwide/cargo-home/git/checkouts/monman-09802f73b8adc705/6774749/src/lib.rs:389:26
[INFO] [stdout]     |
[INFO] [stdout] 389 |         const FORMNAME = DM_FORMNAME;
[INFO] [stdout]     |                          ^^^^^^^^^^^ not found in this scope
[INFO] [stdout] 
[INFO] [stdout] 
[INFO] [stdout] error[E0425]: cannot find value `DM_LOGPIXELS` in this scope
[INFO] [stdout]    --> /opt/rustwide/cargo-home/git/checkouts/monman-09802f73b8adc705/6774749/src/lib.rs:390:27
[INFO] [stdout]     |
[INFO] [stdout] 390 |         const LOGPIXELS = DM_LOGPIXELS;
[INFO] [stdout]     |                           ^^^^^^^^^^^^ not found in this scope
[INFO] [stdout] 
[INFO] [stdout] 
[INFO] [stdout] error[E0425]: cannot find value `DM_BITSPERPEL` in this scope
[INFO] [stdout]    --> /opt/rustwide/cargo-home/git/checkouts/monman-09802f73b8adc705/6774749/src/lib.rs:391:28
[INFO] [stdout]     |
[INFO] [stdout] 391 |         const BITSPERPEL = DM_BITSPERPEL;
[INFO] [stdout]     |                            ^^^^^^^^^^^^^ not found in this scope
[INFO] [stdout] 
[INFO] [stdout] 
[INFO] [stdout] error[E0425]: cannot find value `DM_PELSWIDTH` in this scope
[INFO] [stdout]    --> /opt/rustwide/cargo-home/git/checkouts/monman-09802f73b8adc705/6774749/src/lib.rs:392:27
[INFO] [stdout]     |
[INFO] [stdout] 392 |         const PELSWIDTH = DM_PELSWIDTH;
[INFO] [stdout]     |                           ^^^^^^^^^^^^ not found in this scope
[INFO] [stdout] 
[INFO] [stdout] 
[INFO] [stdout] error[E0425]: cannot find value `DM_PELSHEIGHT` in this scope
[INFO] [stdout]    --> /opt/rustwide/cargo-home/git/checkouts/monman-09802f73b8adc705/6774749/src/lib.rs:393:28
[INFO] [stdout]     |
[INFO] [stdout] 393 |         const PELSHEIGHT = DM_PELSHEIGHT;
[INFO] [stdout]     |                            ^^^^^^^^^^^^^ not found in this scope
[INFO] [stdout] 
[INFO] [stdout] 
[INFO] [stdout] error[E0425]: cannot find value `DM_DISPLAYFLAGS` in this scope
[INFO] [stdout]    --> /opt/rustwide/cargo-home/git/checkouts/monman-09802f73b8adc705/6774749/src/lib.rs:394:30
[INFO] [stdout]     |
[INFO] [stdout] 394 |         const DISPLAYFLAGS = DM_DISPLAYFLAGS;
[INFO] [stdout]     |                              ^^^^^^^^^^^^^^^ not found in this scope
[INFO] [stdout] 
[INFO] [stdout] 
[INFO] [stdout] error[E0425]: cannot find value `DM_NUP` in this scope
[INFO] [stdout]    --> /opt/rustwide/cargo-home/git/checkouts/monman-09802f73b8adc705/6774749/src/lib.rs:395:21
[INFO] [stdout]     |
[INFO] [stdout] 395 |         const NUP = DM_NUP;
[INFO] [stdout]     |                     ^^^^^^ not found in this scope
[INFO] [stdout] 
[INFO] [stdout] 
[INFO] [stdout] error[E0425]: cannot find value `DM_DISPLAYFREQUENCY` in this scope
[INFO] [stdout]    --> /opt/rustwide/cargo-home/git/checkouts/monman-09802f73b8adc705/6774749/src/lib.rs:396:34
[INFO] [stdout]     |
[INFO] [stdout] 396 |         const DISPLAYFREQUENCY = DM_DISPLAYFREQUENCY;
[INFO] [stdout]     |                                  ^^^^^^^^^^^^^^^^^^^ not found in this scope
[INFO] [stdout] 
[INFO] [stdout] 
[INFO] [stdout] error[E0425]: cannot find value `DM_ICMMETHOD` in this scope
[INFO] [stdout]    --> /opt/rustwide/cargo-home/git/checkouts/monman-09802f73b8adc705/6774749/src/lib.rs:397:27
[INFO] [stdout]     |
[INFO] [stdout] 397 |         const ICMMETHOD = DM_ICMMETHOD;
[INFO] [stdout]     |                           ^^^^^^^^^^^^ not found in this scope
[INFO] [stdout] 
[INFO] [stdout] 
[INFO] [stdout] error[E0425]: cannot find value `DM_ICMINTENT` in this scope
[INFO] [stdout]    --> /opt/rustwide/cargo-home/git/checkouts/monman-09802f73b8adc705/6774749/src/lib.rs:398:27
[INFO] [stdout]     |
[INFO] [stdout] 398 |         const ICMINTENT = DM_ICMINTENT;
[INFO] [stdout]     |                           ^^^^^^^^^^^^ not found in this scope
[INFO] [stdout] 
[INFO] [stdout] 
[INFO] [stdout] error[E0425]: cannot find value `DM_MEDIATYPE` in this scope
[INFO] [stdout]    --> /opt/rustwide/cargo-home/git/checkouts/monman-09802f73b8adc705/6774749/src/lib.rs:399:27
[INFO] [stdout]     |
[INFO] [stdout] 399 |         const MEDIATYPE = DM_MEDIATYPE;
[INFO] [stdout]     |                           ^^^^^^^^^^^^ not found in this scope
[INFO] [stdout] 
[INFO] [stdout] 
[INFO] [stdout] error[E0425]: cannot find value `DM_DITHERTYPE` in this scope
[INFO] [stdout]    --> /opt/rustwide/cargo-home/git/checkouts/monman-09802f73b8adc705/6774749/src/lib.rs:400:28
[INFO] [stdout]     |
[INFO] [stdout] 400 |         const DITHERTYPE = DM_DITHERTYPE;
[INFO] [stdout]     |                            ^^^^^^^^^^^^^ not found in this scope
[INFO] [stdout] 
[INFO] [stdout] 
[INFO] [stdout] error[E0425]: cannot find value `DM_PANNINGWIDTH` in this scope
[INFO] [stdout]    --> /opt/rustwide/cargo-home/git/checkouts/monman-09802f73b8adc705/6774749/src/lib.rs:401:30
[INFO] [stdout]     |
[INFO] [stdout] 401 |         const PANNINGWIDTH = DM_PANNINGWIDTH;
[INFO] [stdout]     |                              ^^^^^^^^^^^^^^^ not found in this scope
[INFO] [stdout] 
[INFO] [stdout] 
[INFO] [stdout] error[E0425]: cannot find value `DM_PANNINGHEIGHT` in this scope
[INFO] [stdout]    --> /opt/rustwide/cargo-home/git/checkouts/monman-09802f73b8adc705/6774749/src/lib.rs:402:31
[INFO] [stdout]     |
[INFO] [stdout] 402 |         const PANNINGHEIGHT = DM_PANNINGHEIGHT;
[INFO] [stdout]     |                               ^^^^^^^^^^^^^^^^ not found in this scope
[INFO] [stdout] 
[INFO] [stdout] 
[INFO] [stdout] error[E0412]: cannot find type `POINTL` in this scope
[INFO] [stdout]    --> /opt/rustwide/cargo-home/git/checkouts/monman-09802f73b8adc705/6774749/src/lib.rs:412:11
[INFO] [stdout]     |
[INFO] [stdout] 412 | impl From<POINTL> for Point {
[INFO] [stdout]     |     -     ^^^^^^ not found in this scope
[INFO] [stdout]     |     |
[INFO] [stdout]     |     help: you might be missing a type parameter: `<POINTL>`
[INFO] [stdout] 
[INFO] [stdout] 
[INFO] [stdout] error[E0412]: cannot find type `POINTL` in this scope
[INFO] [stdout]    --> /opt/rustwide/cargo-home/git/checkouts/monman-09802f73b8adc705/6774749/src/lib.rs:413:19
[INFO] [stdout]     |
[INFO] [stdout] 413 |     fn from(from: POINTL) -> Self {
[INFO] [stdout]     |                   ^^^^^^ not found in this scope
[INFO] [stdout] 
[INFO] [stdout] 
[INFO] [stdout] error[E0425]: cannot find value `DMDO_DEFAULT` in this scope
[INFO] [stdout]    --> /opt/rustwide/cargo-home/git/checkouts/monman-09802f73b8adc705/6774749/src/lib.rs:443:30
[INFO] [stdout]     |
[INFO] [stdout] 443 |             Self::Default => DMDO_DEFAULT,
[INFO] [stdout]     |                              ^^^^^^^^^^^^ not found in this scope
[INFO] [stdout] 
[INFO] [stdout] 
[INFO] [stdout] error[E0425]: cannot find value `DMDO_90` in this scope
[INFO] [stdout]    --> /opt/rustwide/cargo-home/git/checkouts/monman-09802f73b8adc705/6774749/src/lib.rs:444:31
[INFO] [stdout]     |
[INFO] [stdout] 444 |             Self::Rotate90 => DMDO_90,
[INFO] [stdout]     |                               ^^^^^^^ not found in this scope
[INFO] [stdout] 
[INFO] [stdout] 
[INFO] [stdout] error[E0425]: cannot find value `DMDO_180` in this scope
[INFO] [stdout]    --> /opt/rustwide/cargo-home/git/checkouts/monman-09802f73b8adc705/6774749/src/lib.rs:445:32
[INFO] [stdout]     |
[INFO] [stdout] 445 |             Self::Rotate180 => DMDO_180,
[INFO] [stdout]     |                                ^^^^^^^^ not found in this scope
[INFO] [stdout] 
[INFO] [stdout] 
[INFO] [stdout] error[E0425]: cannot find value `DMDO_270` in this scope
[INFO] [stdout]    --> /opt/rustwide/cargo-home/git/checkouts/monman-09802f73b8adc705/6774749/src/lib.rs:446:32
[INFO] [stdout]     |
[INFO] [stdout] 446 |             Self::Rotate270 => DMDO_270,
[INFO] [stdout]     |                                ^^^^^^^^ not found in this scope
[INFO] [stdout] 
[INFO] [stdout] 
[INFO] [stdout] error[E0425]: cannot find value `DM_INTERLACED` in this scope
[INFO] [stdout]    --> /opt/rustwide/cargo-home/git/checkouts/monman-09802f73b8adc705/6774749/src/lib.rs:468:28
[INFO] [stdout]     |
[INFO] [stdout] 468 |         const INTERLACED = DM_INTERLACED;
[INFO] [stdout]     |                            ^^^^^^^^^^^^^ not found in this scope
[INFO] [stdout] 
[INFO] [stdout] 
[INFO] [stdout] error: aborting due to 60 previous errors
[INFO] [stdout] 
[INFO] [stdout] 
[INFO] [stdout] Some errors have detailed explanations: E0412, E0425, E0433.
[INFO] [stdout] 
[INFO] [stdout] For more information about an error, try `rustc --explain E0412`.
[INFO] [stdout] 
[INFO] [stderr] error: could not compile `monman`
[INFO] [stderr] 
[INFO] [stderr] To learn more, run the command again with --verbose.
[INFO] [stderr] warning: build failed, waiting for other jobs to finish...
[INFO] [stderr] error: build failed
[INFO] running `Command { std: "docker" "inspect" "1a91d0356616487731156e9a5782e3537aa152c9b0980eca2b5eeefa98942b9a", kill_on_drop: false }`
[INFO] running `Command { std: "docker" "rm" "-f" "1a91d0356616487731156e9a5782e3537aa152c9b0980eca2b5eeefa98942b9a", kill_on_drop: false }`
[INFO] [stdout] 1a91d0356616487731156e9a5782e3537aa152c9b0980eca2b5eeefa98942b9a
